33
In base 16, what is -17 + 9?
-e
In base 2, what is -10001 + -101001?
-111010
In base 9, what is 1 + 30?
31
In base 4, what is 0 - 221?
-221
In base 5, what is 1224 - 13?
1211
In base 14, what is 1 - -4a5?
4a6
In base 5, what is 2424 + -1?
2423
In base 2, what is -10 - 110110110?
-110111000
In base 3, what is 0 + -21020?
-21020
In base 13, what is 4 + 180?
184
In base 15, what is -28 + -67?
-90
In base 3, what is 100011 - 11?
100000
In base 13, what is 0 - -302?
302
In base 4, what is -1010 + -2233?
-3303
In base 3, what is 1110 - -112?
1222
In base 10, what is -8 - 16?
-24
In base 15, what is -c64 + 5?
-c5e
In base 2, what is -101 - -1100010?
1011101
In base 9, what is 20 + 148?
168
In base 6, what is -122 + 12?
-110
In base 9, what is 4444 - -4?
4448
In base 2, what is 111100 - -1100?
1001000
In base 7, what is -3 - 112?
-115
In base 13, what is 1 - 58?
-57
In base 5, what is -304 + -1311?
-2120
In base 3, what is -10 + 201?
121
In base 5, what is 32 + -1231?
-1144
In base 15, what is 4 - 5?
-1
In base 11, what is 191 - 7?
185
In base 13, what is -615 + -3?
-618
In base 9, what is 0 - 3561?
-3561
In base 7, what is -30535 + 1?
-30534
In base 15, what is -2 + 50b?
509
In base 6, what is 3 - -15342?
15345
In base 9, what is -17 + -1545?
-1563
In base 2, what is -100 + 10111?
10011
In base 13, what is 9 + 283?
28c
In base 9, what is -4 - 354?
-358
In base 8, what is 1627 + -4?
1623
In base 13, what is -1 + -12b?
-12c
In base 14, what is 1 + -25a?
-259
In base 8, what is 2524 - 17?
2505
In base 10, what is 5 - -211?
216
In base 12, what is -42b + -10?
-43b
In base 12, what is -7 + -97?
-a2
In base 16, what is 314 + 4?
318
In base 12, what is 1905 + 3?
1908
In base 5, what is -34140 + 10?
-34130
In base 13, what is -14 - -34?
20
In base 8, what is 3455 + 1?
3456
In base 12, what is -3 - 158?
-15b
In base 2, what is -1001111101 - 10?
-1001111111
In base 16, what is -59 + 2d?
-2c
In base 16, what is 6c + d?
79
In base 7, what is -16 - 53?
-102
In base 7, what is 0 - 235?
-235
In base 2, what is 10 - -111100000?
111100010
In base 4, what is -3 - -1211133?
1211130
In base 8, what is 3 + -217?
-214
In base 9, what is -43 - -1?
-42
In base 12, what is 183 - 0?
183
In base 16, what is -9b + -3?
-9e
In base 12, what is -104 + 2?
-102
In base 3, what is -20 + -1202?
-1222
In base 10, what is -30 - -1?
-29
In base 6, what is -1120 - -12?
-1104
In base 11, what is -917 + -2?
-919
In base 12, what is 5 - -509?
512
In base 15, what is 0 - 9ac?
-9ac
In base 14, what is 4b - 0?
4b
In base 6, what is -5435 + 3?
-5432
In base 14, what is -17a9 + -5?
-17b0
In base 15, what is -5 + 37?
32
In base 2, what is 110011011000 - 10?
110011010110
In base 14, what is -5 - -b04?
add
In base 10, what is 33 - 0?
33
In base 11, what is 182 + -8?
175
In base 8, what is -253 - -34?
-217
In base 5, what is -1142 - -1?
-1141
In base 9, what is -5 - 71?
-76
In base 16, what is -1 - -384?
383
In base 3, what is -1000110 + 12?
-1000021
In base 6, what is 143 + 51?
234
In base 14, what is -29 - -2?
-27
In base 7, what is -6 - 1026?
-1035
In base 11, what is 1 - 262a?
-2629
In base 14, what is 125 + 1?
126
In base 14, what is -129 - 1?
-12a
In base 12, what is 2 + 65?
67
In base 13, what is -4 - -59?
55
In base 10, what is -13 + 450?
437
In base 5, what is -403224 + 4?
-403220
In base 9, what is 1040 - -4?
1044
In base 14, what is 6b0 - 0?
6b0
In base 7, what is 1 + 10506?
10510
In base 14, what is 17 - 22b?
-214
In base 16, what is 1dd + 5?
1e2
In base 12, what is 2 + -ab?
-a9
In base 7, what is -1 - -2166?
2165
In base 6, what is -1323 + -1?
-1324
In base 12, what is 14 - 3?
11
In base 16, what is -aa - -2?
-a8
In base 6, what is 3 + -42155?
-42152
In base 14, what is 6 + -5?
1
In base 9, what is 5 - 471?
-465
In base 10, what is -3063 + -1?
-3064
In base 3, what is 2020001 - -2?
2020010
In base 12, what is -5 - -394?
38b
In base 15, what is -c4 + 24?
-a0
In base 10, what is 4 - -2441?
2445
In base 15, what is -3 - 47?
-4a
In base 14, what is 13 + -a?
7
In base 14, what is 41 + -c1?
-80
In base 2, what is 11111 + 0?
11111
In base 10, what is -3 + -22?
-25
In base 5, what is -11 - 1200?
-1211
In base 16, what is 34 + 2?
36
In base 4, what is -332 + 100?
-232
In base 6, what is 1 + 1520?
1521
In base 11, what is 0 - -8?
8
In base 9, what is -48 + -4?
-53
In base 11, what is -7 + 103?
a7
In base 5, what is -4 - -3234?
3230
In base 16, what is 5 + 251?
256
In base 5, what is -103130 - -3?
-103122
In base 7, what is -2125 - -3?
-2122
In base 2, what is 100010 - -1?
100011
In base 12, what is -5 + 88?
83
In base 9, what is -6 + -102?
-108
In base 13, what is 18 - -7?
22
In base 2, what is 0 + -10110?
-10110
In base 10, what is -2 - -2100?
2098
In base 14, what is -158 + -3?
-15b
In base 6, what is 15 + 103?
122
In base 3, what is -201102011 + -12?
-201102100
In base 9, what is -351 + -2?
-353
In base 13, what is -1 + -94?
-95
In base 2, what is 1010 + -11010?
-10000
In base 10, what is -1 + -593?
-594
In base 12, what is 1 + -19?
-18
In base 14, what is -80 - 1?
-81
In base 4, what is 11 + -122?
-111
In base 10, what is 5 - -18?
23
In base 12, what is -b + -a?
-19
In base 10, what is 4 + -497?
-493
In base 15, what is -30 + 43?
13
In base 11, what is 985 + 5?
98a
In base 12, what is -1b80 - 6?
-1b86
In base 6, what is -132 + 2?
-130
In base 15, what is 2 - -32d?
330
In base 2, what is 100011111 + -1001?
100010110
In base 9, what is 5 + -120?
-114
In base 10, what is 5 - -69?
74
In base 12, what is -6a6 + -5?
-6ab
In base 8, what is 221 - 22?
177
In base 10, what is 8379 + -3?
8376
In base 7, what is -62 - -2110?
2015
In base 9, what is -3248 + 0?
-3248
In base 2, what is 1001 - 100011101?
-100010100
In base 16, what is -634 - 3?
-637
In base 14, what is 34 - 2d?
5
In base 3, what is -121 - 1020?
-1211
In base 14, what is -b - -aa?
9d
In base 10, what is -29 + -1?
-30
In base 4, what is -10 + -200?
-210
In base 13, what is -3 + -172?
-175
In base 12, what is 25a + 1?
25b
In base 3, what is 1022 + 12?
1111
In base 15, what is -12 + -4?
-16
In base 4, what is -1 + 3?
2
In base 8, what is 5 + -27?
-22
In base 16, what is -2c8 - 3?
-2cb
In base 11, what is 40a - -10?
41a
In base 14, what is c3 + -4?
bd
In base 9, what is -3 + -2838?
-2842
In base 8, what is -43 + -264?
-327
In base 9, what is 27 - -143?
171
In base 4, what is -10 + 3332?
3322
In base 13, what is 268 + -24?
244
In base 9, what is -4108 - 1?
-4110
In base 11, what is -1209 + 5?
-1204
In base 5, what is 22 + -22440?
-22413
In base 9, what is 127 + -4?
123
In base 9, what is -5 + -4488?
-4504
In base 3, what is 2 + 1020?
1022
In base 6, what is 240 + 41?
321
In base 11, what is -1 + -44?
-45
In base 4, what is -31121 + 100?
-31021
In base 10, what is 262 - -5?
267
In base 11, what is -5 - -25?
20
In base 13, what is -1 - -1337?
1336
In base 4, what is -10 + 30?
20
In base 7, what is -1 + 1003?
1002
In base 7, what is -3 + 530?
524
In base 3, what is 20 - -10221?
11011
In base 3, what is 10 - 11?
-1
In base 4, what is 3 + -11132?
-11123
In base 12, what is 3 + -24?
-21
In base 12, what is 34 + -bb?
-87
In base 10, what is 8346 - -1?
8347
In base 11, what is -2 + 134?
132
In base 4, what is 10 + -20?
-10
In base 10, what is -4 + -609?
-613
In base 16, what is 40d0 - 4?
40cc
In base 9, what is 35 - 22?
13
In base 6, what is -2 - -212?
210
In base 8, what is -16 - 34?
-52
In base 9, what is 31 + 5?
36
In base 14, what is 17 - -1?
18
In base 14, what is 793 - -4?
797
In base 13, what is 2 - -110?
112
In base 14, what is 3a - -5?
41
In base 16, what is 0 - -58?
58
In base 6, what is -41 - 1?
-42
In base 5, what is 200 - 2?
143
In base 8, what is 5 - -15?
22
In base 5, what is -1 - 204?
-210
In base 13, what is 57b + -2?
579
In base 13, what is -183 + -7?
-18a
In base 5, what is 3 - -200?
203
In base 15, what is 1c - a?
12
In base 10, what is -5 + 99?
94
In base 16, what is -1 + 56?
55
In base 4, what is 102 + 10323?
11031
In base 11, what is 2 - 141?
-13a
In base 9, what is 1 - -1021?
1022
In base 16, what is 1186 + -5?
1181
In base 15, what is -1 + 4a?
49
In base 5, what is 4 - -342?
401
In base 10, what is -79 - 18?
-97
In base 2, what is 101 + -1000000?
-111011
In base 2, what is -10101101100110 - 0?
-10101101100110
In base 3, w